der when j/(-1)*2/m is divided by 14.
12
Let d(n) = n. Let g = 18 + -12. Calculate the remainder when 10 is divided by d(g).
4
Suppose -318 = 4*o - 10*o. Let z(l) = -2*l. Suppose 4*s + 26 = -2. Calculate the remainder when o is divided by z(s).
11
Calculate the remainder when 245/5 + 3*-1 is divided by 12.
10
Let m(p) = -p**3 + p**2 - p - 1. Let z be m(-3). Let o = z - 20. What is the remainder when o is divided by 5?
3
Let s be 182/(-10) - (-1)/5. Let g = s + 40. Calculate the remainder when g is divided by 2 - 12*-1 - 2.
10
What is the remainder when ((-27)/(-6))/(-3)*(-116)/6 is divided by 6?
5
Let p be (-1*3 - -2)/1. Let u be 2/((-18)/21 - p). Let k = -6 + u. What is the remainder when k is divided by 3?
2
Let w be 6/3*(-3)/(-3). Let r(j) = 2*j. Let v be r(w). Suppose -5*m + 3*f + 27 - 7 = 0, -2*m = -2*f - v. What is the remainder when 26 is divided by m?
5
Let f = 25 + -8. Let u = 26 - f. Suppose -3*x + 36 = u. What is the remainder when 17 is divided by x?
8
Suppose u = -4*p + 24, 0 = 6*p - 2*p + 5*u - 8. What is the remainder when 29 is divided by p?
1
Let x = 35 + -23. Suppose 3*r - 40 = -2*j, -j - 2*r = -5*j + 96. What is the remainder when j is divided by x?
11
Let g = -3 - -6. Suppose g*k - 5*b - 90 = -0*b, 3*k - b = 102. Calculate the remainder when k is divided by 9.
8
Let y be (0 - 3 - -10)*1. Let k(l) = -l**2 - 5*l - 4. What is the remainder when k(-3) is divided by (-1)/(y/(-2) - -3)?
0
Let a = -19 - -99. Let b = -184 + a. What is the remainder when 24 is divided by (b/12)/((-4)/6)?
11
Suppose 7 = -2*j - 25. Let d = j - -10. Let w(p) = p**3 + 6*p**2 - p - 4. Calculate the remainder when 4 is divided by w(d).
0
Suppose 2*o + 882 = -2*t, -1631 + 293 = 3*o - 2*t. Calculate the remainder when 57 is divided by 1/5 + o/(-30).
12
Calculate the remainder when (-12)/(-30) + 676/10 is divided by 6.
2
Let l = 41 - -3. Suppose c + 3 = -2*g + 25, -3*c = 4*g - l. What is the remainder when g is divided by 6?
5
Let q(y) = -y**3 + 12*y**2 - 12*y + 14. Suppose -u - 2*j + 9 = 0, u = -u - 5*j + 17. Calculate the remainder when 6 is divided by q(u).
0
Let p(w) = 4*w**2 + 1. Let v = -46 + 65. What is the remainder when v is divided by p(-1)?
4
Let i(y) be the first derivative of 5/3*y**3 + 2 - 3/2*y**2 + y. What is the remainder when i(3) is divided by 13?
11
Let d = 90 - 56. Calculate the remainder when 168 is divided by d.
32
Let o(j) = -j + 22. Calculate the remainder when o(5) is divided by 4.
1
Suppose -2*v - 13 - 247 = -5*c, -4*c + 208 = -5*v. What is the remainder when 10 is divided by 2/7 + c/14?
2
Let c(g) = -2*g**3 - 3*g**2 - g + 1. Let f = -15 - -16. Suppose -11 = -z + f. What is the remainder when z is divided by c(-2)?
5
What is the remainder when (4/(-13))/(-2) + 14900/325 is divided by 17?
12
Let t be 3/(-15) - 1112/(-10). Let v = t - 60. Suppose -b = 2*b - v. What is the remainder when b is divided by 9?
8
Suppose 5*b - 35 = -5*u, -3*u = -3*b - u + 41. Calculate the remainder when 65 is divided by b.
10
Let b(k) = k**2 - k + 4. Let p be b(0). Calculate the remainder when (1*p)/(4/8) is divided by 4*((-18)/8 - -3).
2
Let h(o) = o**2 - 3*o + 4. Suppose -5 = -r + 2*l, 0 = -5*r - 3*l + 4*l + 7. Let x = 4 - r. Calculate the remainder when h(3) is divided by x.
1
Let a be 1/(-4) + 79/(-4). Let q be (-2)/4 + (-252)/8. Let u = a - q. What is the remainder when 35 is divided by u?
11
Let m be (-1)/((-2 - -4)/(-168)). Suppose 0 = 4*n - 8*n + m. Let d = 169 - 158. Calculate the remainder when n is divided by d.
10
Let h(i) be the first derivative of i**4/4 + i**3/3 - 7*i**2/2 + 2*i - 2. Calculate the remainder when h(5) is divided by 30.
27
Let s be (1 + -2)*(-8 + 7). What is the remainder when 48 is divided by s/(-5) - (-172)/10?
14
Let d(k) = k**2 + 4*k + 5. What is the remainder when 107 is divided by d(4)?
33
Let j(s) = 5*s + 0*s + 6 - 4*s. What is the remainder when 11 is divided by j(0)?
5
Suppose 0*c = 5*c. What is the remainder when 37 is divided by 2 - (1 - c) - -12?
11
Let u(s) = s**3 + 6*s**2 + s + 7. Let j be u(-6). Let m = j - -13. What is the remainder when 41 is divided by m?
13
Suppose -2*t - 3*t = -355. Calculate the remainder when t is divided by 12.
11
Let k = 37 - -6. What is the remainder when k is divided by 15?
13
Suppose -20*j + 24*j = -40. Let r(p) = -9*p - 5. What is the remainder when r(j) is divided by 29?
27
Let m(b) = 5*b - 3. Let g be m(1). Suppose -a + 29 = 2*t, 2*a + t = -g*a + 123. Suppose 41 = 3*o + 8. What is the remainder when a is divided by o?
9
Let d be (-1)/(-1) + -1 - -3. Suppose -2*a = -x - 10, 3*a + d*x - 17 = 16. Suppose 0*k = 3*k - 33. What is the remainder when k is divided by a?
4
Suppose -3*z = -0*z, -5*v - 5*z = -180. Let c = v - -1. What is the remainder when c is divided by 13?
11
Suppose -3*t + 2*t = -24. Suppose 0 = -2*b - 4, -5*w - 4*b = b - 55. What is the remainder when t is divided by w?
11
Let u = -50 + 97. What is the remainder when u is divided by 13?
8
Let f(q) = q + 12. Let s be ((-3)/2)/(3/(-100)). Let k = s - 23. Calculate the remainder when k is divided by f(-5).
6
Let k(s) = s - 7. Suppose 0 = 4*l - o - 5, -l + o + 3 = 1. Let a be 8 - (-3*l - -1). Calculate the remainder when 5 is divided by k(a).
2
Let o be 18/(-6)*2/6. Let r be -2*(9/6 + o). What is the remainder when 25 is divided by (2/r)/((-8)/52)?
12
Suppose -6*q + 8 = -2*q. Let a be (-12)/(1 + q + -2). What is the remainder when 15 is divided by (-2)/(a/27)*2?
6
Let q(r) = 33*r - 8. What is the remainder when q(3) is divided by 23?
22
Suppose 3*f = 2*f + 5. Suppose 2 = 2*g, f*r - 9 = 3*g + 13. Suppose 0 = -0*n - r*n + 45. Calculate the remainder when n is divided by 5.
4
What is the remainder when 62 is divided by (-96)/(-15)*5/2?
14
Suppose 2*k - c - 19 + 1 = 0, -4*k + 36 = 4*c. What is the remainder when 34 is divided by k?
7
Suppose -3*b - 5*s = -76, -b - s = -42 + 14. What is the remainder when b is divided by 11?
10
Let f = 14 - -21. Let r = f - 9. What is the remainder when r is divided by 14?
12
Let b = -94 - -131. Suppose 0 = -5*m - 80 + 180. What is the remainder when b is divided by m?
17
Let j = 2 - -33. Suppose 4*d = -h + j, 5*h = 5*d + 49 + 126. Calculate the remainder when h is divided by 9.
8
Suppose -13*o - 168 = -19*o. Calculate the remainder when 52 is divided by o.
24
Suppose -127 - 332 = -5*x + 4*o, 5*o + 96 = x. What is the remainder when x is divided by 23?
22
Suppose 5*k = -4*p + 109 + 271, 3*k + 3*p - 225 = 0. Calculate the remainder when k is divided by 41.
39
Let k(d) = d**2 - 5*d + 1. Suppose 0 = -4*c + 34 + 14. Calculate the remainder when c is divided by k(6).
5
Let t = 6 + 19. Let y = t - 18. Calculate the remainder when 41 is divided by y.
6
Suppose 2*o - 3*o = 3*j - 5, o = j + 13. What is the remainder when 31 is divided by o?
9
Suppose -c + 3*k - 3 = k, k = 5*c - 21. Suppose 15 = 2*d - c. Suppose -5*f + 0*f = -90. Calculate the remainder when f is divided by d.
8
Suppose -2*q - s = -0*s + 51, 0 = -3*q - 2*s - 79. Let p = -15 - q. Suppose -3*a = -3*w - p*a + 28, w = -4*a. Calculate the remainder when 31 is divided by w.
15
Let f(h) = -h**2 - 6*h - 2. Calculate the remainder when 19 is divided by f(-3).
5
Suppose -u + 5 = -0*u. Suppose -u*i + 5*t + 15 = 0, -3*i + 2*t + 5 = -3*t. Calculate the remainder when i is divided by 4.
1
Suppose -g + 3 = -2*g. What is the remainder when (-2 - 69/g)*1 is divided by 6?
3
Let t = -365 - -378. Calculate the remainder when (-2)/8 + 298/8 is divided by t.
11
Suppose -4*j = 2*n - 4, 3*n - 5*j = -n + 21. Let y = 9 - n. Suppose -y*q - w = -58, 11 + 53 = 5*q + 3*w. Calculate the remainder when q is divided by 7.
4
Let w(v) = 5*v + 10. Suppose 5*z + 13 = 58. Calculate the remainder when w(z) is divided by 14.
13
What is the remainder when (1 + 1)*(-15)/(-2) is divided by 8?
7
Let w(a) = -a**2 + 6*a + 2. Let t be w(6). Calculate the remainder when -31*3*t/(-6) is divided by 11.
9
Suppose 23 = 4*w - 1. What is the remainder when (-2)/w - (-70)/3 is divided by ((-2)/(-4))/(1/24)?
11
Let x(s) = 71*s - 1. Let i be x(-1). Let n = 140 + i. Calculate the remainder when n is divided by 23.
22
Suppose -4*m - 26 = 3*a - 314, a - 4*m - 80 = 0. Calculate the remainder when a is divided by 19.
16
Let t = -8 + 15. Let c be (18/4)/(1/2). Let y = -5 + c. What is the remain